e 9) in base 12?
-1245a
18183 (base 9) to base 5
400144
What is -4212 (base 5) in base 7?
-1424
-2405 (base 6) to base 10
-581
10833 (base 9) to base 8
16107
-7263 (base 9) to base 15
-189c
Convert -113621 (base 7) to base 9.
-31158
Convert -7219 (base 13) to base 14.
-5a43
What is -24157 (base 8) in base 5?
-312401
What is -101100000 (base 2) in base 9?
-431
What is -46d (base 15) in base 5?
-13003
Convert 996 (base 10) to base 15.
466
Convert -3431 (base 5) to base 2.
-111101011
Convert -211212 (base 4) to base 13.
-1131
Convert 65887 (base 9) to base 7.
241342
What is -54c1 (base 14) in base 13?
-68a9
10201201 (base 3) to base 15
c14
What is 1432 (base 15) in base 14?
180a
2c8 (base 13) to base 11
417
-1000011100100011 (base 2) to base 10
-34595
Convert -ecde (base 15) to base 10.
-50159
da5 (base 15) to base 3
11020002
What is -1012 (base 14) in base 2?
-101011001000
Convert 73a (base 14) to base 2.
10110010000
What is 232e (base 15) in base 11?
5680
11011 (base 2) to base 8
33
-588 (base 9) to base 6
-2125
3012 (base 9) to base 6
14102
What is -443003 (base 6) in base 4?
-21001023
-1312 (base 12) to base 11
-16a7
-31121 (base 5) to base 4
-133310
What is -190 (base 15) in base 6?
-1400
Convert -1b3 (base 12) to base 16.
-117
Convert -6255 (base 11) to base 15.
-26c8
Convert -22441 (base 5) to base 9.
-2201
Convert -100111111100 (base 2) to base 14.
-d08
1a56 (base 11) to base 14
d3c
Convert 100011110 (base 2) to base 8.
436
-1432 (base 15) to base 6
-32002
Convert -1042 (base 6) to base 3.
-22222
What is -5 (base 7) in base 14?
-5
Convert -19da (base 14) to base 7.
-16463
What is -531 (base 12) in base 11?
-629
2111121010 (base 3) to base 16
c07e
1010342 (base 5) to base 9
24373
What is 8b71 (base 13) in base 15?
5bbc
Convert -42520 (base 6) to base 16.
-16b0
Convert 540 (base 11) to base 12.
461
-10545 (base 6) to base 15
-6a5
What is -554 (base 10) in base 6?
-2322
13db (base 14) to base 10
3525
-2a93 (base 13) to base 6
-44420
Convert 9c (base 14) to base 12.
b6
What is -1031 (base 6) in base 11?
-1a4
Convert b312 (base 13) to base 9.
36772
-5011 (base 9) to base 4
-321013
Convert -3112120 (base 4) to base 16.
-3598
What is 1d76 (base 16) in base 12?
4446
1289 (base 12) to base 10
2121
211012 (base 4) to base 5
33444
-bc94 (base 14) to base 3
-1122210212
What is -486 (base 15) in base 12?
-716
Convert -4397 (base 10) to base 11.
-3338
-177 (base 13) to base 11
-223
What is -35416 (base 7) in base 5?
-243002
Convert -4010 (base 6) to base 12.
-606
What is 1065 (base 8) in base 13?
346
What is -5053 (base 7) in base 15?
-7bd
-33013111 (base 4) to base 3
-10010220221
-46824 (base 10) to base 4
-23123220
What is -10210 (base 5) in base 6?
-3052
-1410 (base 6) to base 7
-1032
Convert 4640 (base 14) to base 4.
2332300
Convert -9c6 (base 13) to base 8.
-3223
Convert -20541 (base 6) to base 15.
-c67
What is -2db (base 15) in base 3?
-220022
Convert 1101101000011 (base 2) to base 12.
4057
What is -100221001 (base 3) in base 4?
-1301011
What is -33223 (base 4) in base 12?
-6b7
-304 (base 13) to base 2
-111111111
What is 210010221 (base 3) in base 15?
487a
What is -4232 (base 7) in base 2?
-10111010101
Convert -171 (base 8) to base 7.
-232
Convert -52875 (base 9) to base 4.
-20202203
Convert -593 (base 11) to base 14.
-387
2140 (base 5) to base 3
101221
What is 8580 (base 10) in base 14?
31ac
Convert 103550 (base 9) to base 11.
42389
Convert 25884 (base 10) to base 9.
38450
Convert -19191 (base 12) to base 6.
-441101
-352 (base 16) to base 14
-44a
What is 2288 (base 10) in base 9?
3122
736 (base 8) to base 10
478
a940 (base 11) to base 15
442d
1140 (base 12) to base 9
2563
6114 (base 13) to base 16
3438
Convert -3421 (base 6) to base 12.
-571
105203 (base 6) to base 8
21343
1104 (base 5) to base 9
181
Convert -551 (base 7) to base 13.
-188
What is -1012000 (base 4) in base 16?
-1180
144014 (base 5) to base 4
1133312
Convert -1123200 (base 4) to base 13.
-2886
What is -13c2 (base 14) in base 6?
-24114
-95 (base 16) to base 15
-9e
Convert 20001201 (base 3) to base 13.
2020
Convert 11111100000010 (base 2) to base 13.
745a
731 (base 10) to base 7
2063
What is -411 (base 10) in base 16?
-19b
Convert 28 (base 12) to base 10.
32
What is f1a (base 16) in base 13?
19b5
Convert -111111000001 (base 2) to base 5.
-112113
-105645 (base 7) to base 13
-876c
102001 (base 3) to base 9
361
1201 (base 8) to base 5
10031
Convert -8124 (base 9) to base 8.
-13457
-25c4 (base 16) to base 9
-14232
What is -101110111101001 (base 2) in base 10?
-24041
-100010100000000 (base 2) to base 10
-17664
What is -11202020 (base 3) in base 6?
-24010
Convert 444 (base 7) to base 10.
228
What is 938 (base 13) in base 6?
11132
121102 (base 3) to base 6
2015
What is 2583 (base 12) in base 11?
3237
Convert -1b (base 13) to base 14.
-1a
Convert -11136 (base 8) to base 5.
-122302
572 (base 9) to base 7
1241
What is -100010001011 (base 2) in base 16?
-88b
What is -42420 (base 5) in base 7?
-11224
-20 (base 15) to base 3
-1010
What is -432505 (base 6) in base 9?
-53755
What is 301 (base 6) in base 14?
7b
111000000111111 (base 2) to base 11
1a653
What is 1232 (base 5) in base 11?
165
-204550 (base 7) to base 12
-184aa
Convert -10121221020 (base 3) to base 16.
-116e2
-1a5 (base 11) to base 13
-152
What is -1000101110011101 (base 2) in base 13?
-13364
Convert -420113 (base 5) to base 7.
-55120
What is -13041 (base 5) in base 7?
-2656
-747 (base 8) to base 9
-601
What is 1717 (base 11) in base 3?
10000100
What is b80 (base 14) in base 3?
10010000
Convert 100d (base 14) to base 16.
ac5
What is 706 (base 12) in base 14?
526
31 (base 5) to base 15
11
What is 31252 (base 9) in base 12?
bb25
1e (base 15) to base 9
32
-23211 (base 6) to base 14
-12d1
Convert 1099 (base 14) to base 2.
101100111111
Convert -10342 (base 6) to base 10.
-1430
Convert 1300433 (base 5) to base 9.
37408
Convert 334253 (base 6) to base 3.
1102122220
1925 (base 12) to base 11
2326
Convert 53045 (base 6) to base 11.
5417
Convert -100031 (base 5) to base 7.
-12105
Convert -1a58 (base 11) to base 5.
-40404
What is -3311 (base 7) in base 9?
-1555
Convert 10301 (base 4) to base 9.
368
55d (base 16) to base 12
965
-792 (base 16) to base 9
-2583
-4b16 (base 12) to base 7
-33552
Convert 1044025 (base 6) to base 2.
1100110111110001
What is -60602 (base 7) in base 9?
-22145
-1060 (base 9) to base 4
-30033
-55a3 (base 11) to base 7
-30332
32412 (base 5) to base 15
9dc
340 (base 13) to base 10
559
What is -350 (base 14) in base 10?
-658
-560 (base 16) to base 7
-4004
What is 37b (base 14) in base 6?
3121
Convert 23443 (base 8) to base 14.
3919
Convert c4 (base 14) to base 5.
1142
What is 1669 (base 13) in base 2?
110011100010
4055 (base 6) to base 11
748
Convert 70c (base 16) to base 5.
24204
Convert -10011000100 (base 2) to base 3.
-1200012
What is -344 (base 15) in base 11?
-612
1000101101 (base 2) to base 13
33b
-20310 (base 8) to base 15
-2747
-2e9a (base 15) to base 4
-2130331
Convert 1061 (base 10) to base 12.
745
What is -1ca (base 15) in base 6?
-1531
30 (base 6) to base 9
20
Convert 130023 (base 4) to base 12.
1063
What is -27117 (base 8) in base 4?
-2321033
What is 141204 (base 5) in base 14?
2188
What is -371 (base 12) in base 13?
-30a
Convert -20123 (base 6) to base 16.
-a53
What is 120211 (base 4) in base 7?
4405
What is 252 (base 11) in base 7?
605
Convert -19aca (base 14) to base 3.
-10022111200
-1333032 (base 5) to base 12
-13943
What is -3377 (base 10) in base 12?
-1b55
What is -34595 (base 10) in base 2?
-1000011100100011
Convert 100100111101 (base 2) to base 7.
6616
829 (base 11) to base 16
3e7
214400 (base 6) to base 4
10113000
What is -11b07 (base 12) in base 16?
-5df7
What is 1010111101100011 (base 2) in base 12?
21b97
What is -5036 (base 14) in base 12?
-7b74
61 (base 12) to base 2
1001001
Convert 7ac (base 13) to base 3.
1211002
What is 186a (base 11) in base 16?
947
What is -2618 (base 13) in base 11?
-4096
-7b18 (base 12) to base 7
-54641
What is 10101000011 (base 2) in base 16?
543
Convert -1011110101010100 (base 2) to base 5.
-3022333
What is 22114 (base 5) in base 2?
10111111110
Convert 44 (base 14) to base 12.
50
-20086 (base 9) to base 10
-13200
Convert -42110 (base 10) to base 2.
-1010010001111110
What 